nder when 82852512 is divided by 22094.
12
What is the remainder when 623292 is divided by 1126?
614
What is the remainder when 8514905 is divided by 1506?
1487
Calculate the remainder when 1965973 is divided by 655312.
37
What is the remainder when 1812900939 is divided by 92?
91
Calculate the remainder when 3299727 is divided by 249.
228
Calculate the remainder when 193179097 is divided by 863.
862
Calculate the remainder when 1333557 is divided by 2641.
2493
Calculate the remainder when 4281891 is divided by 129.
123
What is the remainder when 63463 is divided by 63416?
47
What is the remainder when 123601 is divided by 11235?
16
Calculate the remainder when 226290 is divided by 671.
163
Calculate the remainder when 17466 is divided by 2928.
2826
Calculate the remainder when 495208 is divided by 826.
434
Calculate the remainder when 613467 is divided by 726.
723
What is the remainder when 363581 is divided by 6860?
1
Calculate the remainder when 30610 is divided by 10029.
523
What is the remainder when 383346 is divided by 63440?
2706
Calculate the remainder when 247836181 is divided by 823376.
5
Calculate the remainder when 11558514 is divided by 2086.
2074
What is the remainder when 787643 is divided by 1035?
8
Calculate the remainder when 2207044 is divided by 1103519.
6
Calculate the remainder when 211483 is divided by 67133.
10084
What is the remainder when 20033359 is divided by 6677786?
1
What is the remainder when 356094581 is divided by 62?
61
What is the remainder when 1530961 is divided by 1132?
497
Calculate the remainder when 15002874 is divided by 425.
374
What is the remainder when 2280405 is divided by 570100?
5
What is the remainder when 161545 is divided by 53843?
16
What is the remainder when 1437083 is divided by 811?
802
Calculate the remainder when 124670 is divided by 393.
89
What is the remainder when 59672 is divided by 111?
65
Calculate the remainder when 195110151 is divided by 54.
51
What is the remainder when 10189211 is divided by 12?
11
Calculate the remainder when 288561 is divided by 2341.
618
Calculate the remainder when 287096501 is divided by 154.
153
Calculate the remainder when 157115 is divided by 527.
69
What is the remainder when 979271 is divided by 64?
7
What is the remainder when 718814 is divided by 224?
222
Calculate the remainder when 719674 is divided by 179913.
22
What is the remainder when 1272974 is divided by 1510?
44
Calculate the remainder when 25839268 is divided by 10.
8
What is the remainder when 207915 is divided by 568?
27
What is the remainder when 13689 is divided by 4446?
351
Calculate the remainder when 23631847 is divided by 636.
631
What is the remainder when 117502 is divided by 4?
2
What is the remainder when 69296 is divided by 34379?
538
Calculate the remainder when 4692 is divided by 4609.
83
Calculate the remainder when 2280982 is divided by 81463.
18
Calculate the remainder when 12977528 is divided by 114.
110
What is the remainder when 3550878 is divided by 1059?
51
What is the remainder when 31884180 is divided by 11?
9
What is the remainder when 59739 is divided by 2132?
43
What is the remainder when 143725353 is divided by 6?
3
Calculate the remainder when 3741994 is divided by 1917.
10
Calculate the remainder when 111410 is divided by 1184.
114
What is the remainder when 1180194 is divided by 247?
28
Calculate the remainder when 17885444 is divided by 14.
10
Calculate the remainder when 725832 is divided by 33.
30
What is the remainder when 17631323 is divided by 115?
98
What is the remainder when 1783250 is divided by 2835?
35
Calculate the remainder when 2479638 is divided by 2382.
2358
What is the remainder when 334044 is divided by 876?
288
What is the remainder when 367453 is divided by 4038?
4033
What is the remainder when 19264359 is divided by 31737?
0
What is the remainder when 5306645 is divided by 2884?
85
What is the remainder when 121323 is divided by 399?
27
What is the remainder when 26797696 is divided by 105089?
1
What is the remainder when 950404 is divided by 138?
136
What is the remainder when 230591 is divided by 230393?
198
What is the remainder when 24712768 is divided by 1992?
16
What is the remainder when 775794 is divided by 11?
8
Calculate the remainder when 168783 is divided by 2766.
57
Calculate the remainder when 57267 is divided by 831.
759
What is the remainder when 15683831 is divided by 5745?
5726
What is the remainder when 812884 is divided by 22580?
4
What is the remainder when 4575724 is divided by 36?
16
What is the remainder when 77606255 is divided by 436?
435
Calculate the remainder when 4206153 is divided by 707.
210
Calculate the remainder when 5437304 is divided by 59101.
12
What is the remainder when 237546 is divided by 39300?
1746
What is the remainder when 286007 is divided by 40798?
421
Calculate the remainder when 24528 is divided by 19.
18
Calculate the remainder when 1320071 is divided by 158.
139
What is the remainder when 194420 is divided by 661?
86
Calculate the remainder when 1076829 is divided by 21110.
219
Calculate the remainder when 313057 is divided by 78258.
25
What is the remainder when 362311 is divided by 20128?
7
Calculate the remainder when 6113086 is divided by 364.
70
What is the remainder when 1450786 is divided by 18?
4
What is the remainder when 6164794 is divided by 8?
2
What is the remainder when 2378635 is divided by 216186?
589
What is the remainder when 225822 is divided by 3893?
28
Calculate the remainder when 7497719 is divided by 20374.
87
Calculate the remainder when 41132 is divided by 2883.
770
What is the remainder when 54690 is divided by 210?
90
Calculate the remainder when 190938 is divided by 21.
6
What is the remainder when 1038605 is divided by 244?
141
Calculate the remainder when 740260 is divided by 1517.
1481
What is the remainder when 2755196 is divided by 2912?
444
What is the remainder when 73305 is divided by 3430?
1275
What is the remainder when 9845130 is divided by 18198?
12
What is the remainder when 1124430 is divided by 51095?
340
What is the remainder when 16335125 is divided by 3145?
3140
Calculate the remainder when 644945 is divided by 67.
3
What is the remainder when 51349 is divided by 25419?
511
Calculate the remainder when 498944 is divided by 498.
446
What is the remainder when 56774540 is divided by 43?
6
What is the remainder when 24222268 is divided by 5353?
5296
Calculate the remainder when 653724 is divided by 102.
6
Calculate the remainder when 14670479 is divided by 2934094.
9
What is the remainder when 34775172 is divided by 215?
212
What is the remainder when 264072 is divided by 12571?
81
What is the remainder when 1983524 is divided by 5179?
5146
What is the remainder when 14237147 is divided by 25?
22
What is the remainder when 1202702 is divided by 516?
422
Calculate the remainder when 2351713 is divided by 67190.
63
What is the remainder when 111132 is divided by 1101?
1032
Calculate the remainder when 4447799 is divided by 30.
29
Calculate the remainder when 122805 is divided by 40883.
156
Calculate the remainder when 907534 is divided by 187.
23
Calculate the remainder when 9842637 is divided by 1965.
1917
Calculate the remainder when 150299 is divided by 3433.
2680
Calculate the remainder when 8086131 is divided by 413.
4
What is the remainder when 11457286 is divided by 13416?
22
What is the remainder when 828347 is divided by 123?
65
Calculate the remainder when 8690823 is divided by 71.
68
What is the remainder when 746582 is divided by 41476?
14
Calculate the remainder when 145387 is divided by 310.
307
Calculate the remainder when 164833 is divided by 7164.
61
What is the remainder when 2628078 is divided by 1489?
1482
What is the remainder when 88906 is divided by 132?
70
Calculate the remainder when 17126347 is divided by 130.
17
What is the remainder when 585403 is divided by 3858?
2845
Calculate the remainder when 74509 is divided by 10528.
813
Calculate the remainder when 571462 is divided by 198.
34
What is the remainder when 663564 is divided by 268?
264
What is the remainder when 85786 is divided by 91?
64
Calculate the remainder when 8577763 is divided by 131.
14
Calculate the remainder when 5164 is divided by 1278.
5